{"id":5272,"date":"2025-12-15T10:25:24","date_gmt":"2025-12-15T13:25:24","guid":{"rendered":"https:\/\/pgcirurgia.incor.usp.br\/?page_id=5272"},"modified":"2025-12-15T10:57:38","modified_gmt":"2025-12-15T13:57:38","slug":"defensas-de-tesis","status":"publish","type":"page","link":"https:\/\/pgcirurgia.incor.usp.br\/index.php\/es\/defensas-de-tesis\/","title":{"rendered":"Defensas de tesis"},"content":{"rendered":"\t\t<div data-elementor-type=\"wp-page\" data-elementor-id=\"5272\" class=\"elementor elementor-5272\" data-elementor-settings=\"{&quot;element_pack_global_tooltip_width&quot;:{&quot;unit&quot;:&quot;px&quot;,&quot;size&quot;:&quot;&quot;,&quot;sizes&quot;:[]},&quot;element_pack_global_tooltip_width_tablet&quot;:{&quot;unit&quot;:&quot;px&quot;,&quot;size&quot;:&quot;&quot;,&quot;sizes&quot;:[]},&quot;element_pack_global_tooltip_width_mobile&quot;:{&quot;unit&quot;:&quot;px&quot;,&quot;size&quot;:&quot;&quot;,&quot;sizes&quot;:[]},&quot;element_pack_global_tooltip_padding&quot;:{&quot;unit&quot;:&quot;px&quot;,&quot;top&quot;:&quot;&quot;,&quot;right&quot;:&quot;&quot;,&quot;bottom&quot;:&quot;&quot;,&quot;left&quot;:&quot;&quot;,&quot;isLinked&quot;:true},&quot;element_pack_global_tooltip_padding_tablet&quot;:{&quot;unit&quot;:&quot;px&quot;,&quot;top&quot;:&quot;&quot;,&quot;right&quot;:&quot;&quot;,&quot;bottom&quot;:&quot;&quot;,&quot;left&quot;:&quot;&quot;,&quot;isLinked&quot;:true},&quot;element_pack_global_tooltip_padding_mobile&quot;:{&quot;unit&quot;:&quot;px&quot;,&quot;top&quot;:&quot;&quot;,&quot;right&quot;:&quot;&quot;,&quot;bottom&quot;:&quot;&quot;,&quot;left&quot;:&quot;&quot;,&quot;isLinked&quot;:true},&quot;element_pack_global_tooltip_border_radius&quot;:{&quot;unit&quot;:&quot;px&quot;,&quot;top&quot;:&quot;&quot;,&quot;right&quot;:&quot;&quot;,&quot;bottom&quot;:&quot;&quot;,&quot;left&quot;:&quot;&quot;,&quot;isLinked&quot;:true},&quot;element_pack_global_tooltip_border_radius_tablet&quot;:{&quot;unit&quot;:&quot;px&quot;,&quot;top&quot;:&quot;&quot;,&quot;right&quot;:&quot;&quot;,&quot;bottom&quot;:&quot;&quot;,&quot;left&quot;:&quot;&quot;,&quot;isLinked&quot;:true},&quot;element_pack_global_tooltip_border_radius_mobile&quot;:{&quot;unit&quot;:&quot;px&quot;,&quot;top&quot;:&quot;&quot;,&quot;right&quot;:&quot;&quot;,&quot;bottom&quot;:&quot;&quot;,&quot;left&quot;:&quot;&quot;,&quot;isLinked&quot;:true}}\">\n\t\t\t\t<div class=\"elementor-element elementor-element-4656f97 e-flex e-con-boxed e-con e-parent\" data-id=\"4656f97\" data-element_type=\"container\">\n\t\t\t\t\t<div class=\"e-con-inner\">\n\t\t\t\t<div class=\"elementor-element elementor-element-78e8233 elementor-widget elementor-widget-text-editor\" data-id=\"78e8233\" data-element_type=\"widget\" data-widget_type=\"text-editor.default\">\n\t\t\t\t<div class=\"elementor-widget-container\">\n\t\t\t\t\t\t\t\t\t<p>Los estudiantes de posgrado que hayan cumplido con todos los requisitos reglamentarios solicitar\u00e1n, con la autorizaci\u00f3n de su asesor y la aprobaci\u00f3n del Coordinador del Programa, la evaluaci\u00f3n de su tesis mediante el formulario de <strong>Declaraci\u00f3n de Elegibilidad<\/strong>.<\/p><p>Para la presentaci\u00f3n de la tesis, siga las instrucciones que aparecen en la portada y la p\u00e1gina del t\u00edtulo:<\/p><ul><li>Tesis presentada a la Facultad de Medicina de la Universidad de S\u00e3o Paulo para la obtenci\u00f3n del t\u00edtulo de Doctor en Ciencias.<\/li><li>Programa de: nombre completo del programa (Cirug\u00eda Tor\u00e1cica y Cardiovascular).<\/li><li>T\u00edtulo de la tesis: exactamente como aparece en el registro de catalogaci\u00f3n. Instrucciones para la elaboraci\u00f3n del registro de catalogaci\u00f3n.<\/li><li>La cotutela solo debe mencionarse si la acreditaci\u00f3n ha sido aprobada por la CPG; verif\u00edquelo en el Registro del Estudiante en el sistema Janus.<\/li><li>Para estandarizar su material, consulte la Gu\u00eda de Presentaci\u00f3n de Disertaciones, Tesis y Monograf\u00edas de la FMUSP \u2013 <a href=\"https:\/\/www.livrosabertos.abcd.usp.br\/portaldelivrosUSP\/catalog\/book\/115\">Versi\u00f3n PDF<\/a><\/li><\/ul><p>Informaci\u00f3n sobre la correcci\u00f3n de Disertaciones y Tesis \u2013 RESOLUCI\u00d3N CoPGr 6018, del 13 de octubre de 2011<\/p><p><a href=\"https:\/\/pesquisa.in.gov.br\/imprensa\/jsp\/visualiza\/index.jsp?data=05\/09\/2018&amp;jornal=515&amp;pagina=22\">Informaci\u00f3n sobre la Ordenanza CAPES n.\u00ba 206, del 4 de septiembre de 2018, que establece la cita obligatoria de CAPES<\/a><\/p><p><strong>Instrucciones para completar la Sugerencia del Jurado:<\/strong><\/p><p>El formulario de Sugerencia del Jurado debe enviarse a esta Coordinaci\u00f3n, al correo electr\u00f3nico pos-graduacao@incor.usp.br, un mes antes de la fecha prevista de entrega de la tesis, para su aprobaci\u00f3n por el CCP.<\/p><p>Al sugerir egresados \u200b\u200bdel Programa, el CCP solo aceptar\u00e1 a aquellos que ya hayan publicado su tesis en una revista indexada.<\/p><p>Los profesores deben tener al menos el t\u00edtulo de doctor.<\/p><p>El Jurado debe incluir miembros que hayan participado en el Examen de Calificaci\u00f3n. El asesor, miembro de pleno derecho, presidir\u00e1 el Comit\u00e9 de Juicio. La propuesta del Comit\u00e9 de Juicio deber\u00e1 incluir 6 (seis) nombres de los miembros, con su nombre completo, c\u00f3digo USP e instituci\u00f3n donde trabajan (IES).<\/p><p>Los miembros sugeridos que no tengan n\u00famero USP o cuya matr\u00edcula no est\u00e9 al d\u00eda deber\u00e1n completar el formulario de profesor visitante.<\/p><p><strong>Miembros Titulares:<\/strong><\/p><ul><li>1 (un) miembro interno: asesores, coasesores acreditados del propio programa y responsables de los cursos de posgrado;<\/li><li>1 (un) miembro externo del programa: miembros externos al programa afiliados a la USP o empleados del Complejo HC;<\/li><li>1 (un) miembro externo perteneciente a otra instituci\u00f3n.<\/li><\/ul><p><strong>Miembros Suplentes:<\/strong><\/p><ul><li>1 (un) miembro interno: asesores, coasesores acreditados del propio programa y responsable de un curso de posgrado;<\/li><li>Un (1) miembro externo del programa: miembros externos al programa vinculados a la USP o empleados del Complejo HC;<\/li><li>Un (1) miembro externo perteneciente a otra instituci\u00f3n.<\/li><\/ul><p>\u00a0<\/p><p><strong>NOTA:<\/strong> Consulte las directrices del formulario de sugerencias del Comit\u00e9 de Defensa de Tesis.<\/p><p>\u00a0<\/p><p>En caso de ausencia o impedimento del asesor, el CPG designar\u00e1 un sustituto, que podr\u00e1 ser el coasesor, si corresponde, o un colaborador. Los familiares consangu\u00edneos del estudiante no podr\u00e1n formar parte de los comit\u00e9s de evaluaci\u00f3n.<\/p><p>La tesis se presentar\u00e1 en l\u00ednea en el sistema Janus, adjuntando la siguiente documentaci\u00f3n:<\/p><ul><li>PDF de la tesis;<\/li><li>Declaraci\u00f3n de similitud y verificaci\u00f3n de plagio: acceda al sitio web: https:\/\/www.fm.usp.br\/biblioteca\/pos-graduandos y consulte la informaci\u00f3n sobre Turnitin; Comprobante de publicaci\u00f3n y\/o env\u00edo del\/de los art\u00edculo(s) de la tesis en revistas con un Factor de Impacto del Journal Citation Reports (JCR) o &#8220;Sites per Doc&#8221; del SCImago Journal Rank (SJR) superior a la mediana del \u00e1rea;<\/li><li>Declaraci\u00f3n de Elegibilidad;<\/li><\/ul><p>El Comit\u00e9 del Programa de Cirug\u00eda Tor\u00e1cica y Cardiovascular, en reuni\u00f3n celebrada el 14 de mayo de 2018, decidi\u00f3 brindar apoyo financiero, mediante reembolso, para la revisi\u00f3n en ingl\u00e9s del art\u00edculo cient\u00edfico de la tesis, en la empresa Editage, www.editage.com.br, con revisi\u00f3n avanzada y plazo normal.<\/p><p>El estudiante realizar\u00e1 el pago con tarjeta de cr\u00e9dito y luego solicitar\u00e1 el reembolso.<\/p><p>La solicitud de reembolso, con la aprobaci\u00f3n del asesor, debe incluir el formulario completo y la factura adjunta, el extracto de la tarjeta de cr\u00e9dito y el comprobante de pago.<\/p><p>En art\u00edculos, libros, res\u00famenes de ponencias presentadas en congresos y cualquier otra publicaci\u00f3n o forma de difusi\u00f3n de actividades que resulten, total o parcialmente, en referencia, seg\u00fan se especifica a continuaci\u00f3n (Ordenanza n.\u00ba 2309), el nombre del asesor debe figurar en la lista de autores:<\/p><p><strong>Instituto del Coraz\u00f3n (InCor), Hospital de Cl\u00ednicas HCFMUSP, Facultad de Medicina, Universidad de S\u00e3o Paulo, S\u00e3o Paulo, SP, BR.<\/strong><\/p><p>Si el art\u00edculo no se publica en el plazo de un a\u00f1o y el estudiante ya no tiene inter\u00e9s en su publicaci\u00f3n, el asesor podr\u00e1 publicarlo y ser el primer autor.<\/p><p>\u00a0<\/p><p><strong>Tesis Basada en Compilaci\u00f3n de Art\u00edculos \u2013 Resoluci\u00f3n 7695\/2019<\/strong><\/p><p>El 16 de septiembre de 2011, la Comisi\u00f3n de Posgrado de la FMUSP aprob\u00f3 las normas para la presentaci\u00f3n de disertaciones y tesis en forma de compilaciones de art\u00edculos, de acuerdo con la Ordenanza n.\u00ba 0278-11-CPGE \u2013 Disertaciones y tesis con compilaciones de art\u00edculos.<\/p><p>1) Las tesis deben contener al menos dos art\u00edculos aceptados para publicaci\u00f3n.<\/p><p>2) La fecha de La presentaci\u00f3n del\/de los art\u00edculo(s) debe realizarse despu\u00e9s de la inscripci\u00f3n del\/de los solicitante en el programa.<\/p><p>3) El\/los art\u00edculo(s) aceptado(s)\/publicado(s) debe(n) contener datos relacionados con el objetivo del proyecto de investigaci\u00f3n presentado al Comit\u00e9 de Estudios de Posgrado.<\/p><p>4) El\/Los estudiante(s) debe(n) ser el\/los primer(os) autor(es) del\/de los art\u00edculo(s).<\/p><p>5) El\/Los asesor(es) debe(n) ser coautor(es) del\/de los art\u00edculo(s).<\/p><p>6) Los art\u00edculos deben haber sido aceptados\/publicados en revistas con un Factor de Impacto (FI) en el Journal Citation Reports (JCR) o en el SJR SCImago Journal &amp; Country Rank mayor o igual a 1.0, y al menos un art\u00edculo debe estar en una revista con un FI en el Journal Citation Reports (JCR) o en el SJR SCImago Journal &amp; Country Rank mayor o igual a 2.0.<\/p><p>7) Los candidatos a doctorado que se ajusten a lo dispuesto en el Art\u00edculo 7 del Reglamento de Posgrado (Resoluci\u00f3n 7493, de 27 de marzo de 2018) tendr\u00e1n su proyecto de tesis evaluado por el Comit\u00e9 de Posgrado y, una vez aprobado, se remitir\u00e1 a la Congregaci\u00f3n. En este caso particular, no se requerir\u00e1n los puntos 2, 3, 4 y 5.<\/p><p>8) La presentaci\u00f3n y entrega de la tesis debe realizarse en un volumen encuadernado que contenga el proyecto de investigaci\u00f3n aprobado por CAPPesq o por el Comit\u00e9 de \u00c9tica del \u00e1rea en la que se desarroll\u00f3 el trabajo, excepto para los candidatos contemplados en el punto 7, que deber\u00e1n presentar un an\u00e1lisis cr\u00edtico escrito en portugu\u00e9s, ingl\u00e9s, espa\u00f1ol o franc\u00e9s.<\/p><p>9) Cita completa de los art\u00edculos\/manuscritos recopilados y discutidos en la tesis.<\/p><p>10) An\u00e1lisis cr\u00edtico en el que se analicen, discutan y sinteticen las contribuciones del\/de los art\u00edculo(s).<\/p><p>\u00a0<\/p><p><strong>La defensa de la tesis se realizar\u00e1 de la siguiente manera:<\/strong><\/p><p>La tesis se evaluar\u00e1 en una sesi\u00f3n p\u00fablica, que no exceder\u00e1 de cinco horas. Las defensas p\u00fablicas de tesis podr\u00e1n realizarse a distancia por videoconferencia, lo que agilizar\u00e1 la constituci\u00f3n y el funcionamiento de los Tribunales Examinadores (Circ. CoPGR 24 2011 e instrucciones).<\/p><p>El estudiante presentar\u00e1 el contenido de su trabajo en un m\u00e1ximo de 60 minutos antes de la defensa.<\/p><p>Cada examinador dispondr\u00e1 de 20 minutos para formular preguntas, y el candidato dispondr\u00e1 de igual tiempo para responder o, si ambas partes lo acuerdan, para dialogar. El tiempo total no deber\u00e1 exceder los 40 minutos.<\/p><p>Cada examinador calificar\u00e1 como aprobado o reprobado en una sesi\u00f3n a puerta cerrada celebrada inmediatamente despu\u00e9s de la defensa, y la presentaci\u00f3n mencionada en el primer punto no se considerar\u00e1.<\/p><p>Un candidato se considerar\u00e1 apto si obtiene la aprobaci\u00f3n de la mayor\u00eda de los examinadores.<\/p><p>El comit\u00e9 de evaluaci\u00f3n remitir\u00e1 el Acta de Defensa del Dictamen al CCP para su conocimiento, y posteriormente se remitir\u00e1 al CPG para su aprobaci\u00f3n.<\/p><p>El candidato que se considere apto en la defensa de su tesis tendr\u00e1 derecho a un diploma de Doctor en Ciencias en Cardiolog\u00eda, que se emite autom\u00e1ticamente junto con el expediente acad\u00e9mico. Los diplomas completados se encuentran disponibles en http:\/\/www.spg.fm.usp.br\/spg\/#\/diploma y pueden retirarse posteriormente en el Servicio de Posgrado de la FMUSP. Tambi\u00e9n se pueden descargar del sitio web de Alumni.<\/p><p>\u00a0<\/p>\t\t\t\t\t\t\t\t<\/div>\n\t\t\t\t<\/div>\n\t\t\t\t\t<\/div>\n\t\t\t\t<\/div>\n\t\t\t\t<\/div>\n\t\t","protected":false},"excerpt":{"rendered":"<p>Los estudiantes de posgrado que hayan cumplido con todos los requisitos reglamentarios solicitar\u00e1n, con la autorizaci\u00f3n de su asesor y la aprobaci\u00f3n [&hellip;]<\/p>\n","protected":false},"author":4,"featured_media":0,"parent":0,"menu_order":0,"comment_status":"closed","ping_status":"closed","template":"","meta":{"footnotes":""},"class_list":["post-5272","page","type-page","status-publish","hentry"],"lang":"es","translations":{"es":5272,"pt":631},"pll_sync_post":[],"_links":{"self":[{"href":"https:\/\/pgcirurgia.incor.usp.br\/index.php\/wp-json\/wp\/v2\/pages\/5272","targetHints":{"allow":["GET"]}}],"collection":[{"href":"https:\/\/pgcirurgia.incor.usp.br\/index.php\/wp-json\/wp\/v2\/pages"}],"about":[{"href":"https:\/\/pgcirurgia.incor.usp.br\/index.php\/wp-json\/wp\/v2\/types\/page"}],"author":[{"embeddable":true,"href":"https:\/\/pgcirurgia.incor.usp.br\/index.php\/wp-json\/wp\/v2\/users\/4"}],"replies":[{"embeddable":true,"href":"https:\/\/pgcirurgia.incor.usp.br\/index.php\/wp-json\/wp\/v2\/comments?post=5272"}],"version-history":[{"count":4,"href":"https:\/\/pgcirurgia.incor.usp.br\/index.php\/wp-json\/wp\/v2\/pages\/5272\/revisions"}],"predecessor-version":[{"id":5277,"href":"https:\/\/pgcirurgia.incor.usp.br\/index.php\/wp-json\/wp\/v2\/pages\/5272\/revisions\/5277"}],"wp:attachment":[{"href":"https:\/\/pgcirurgia.incor.usp.br\/index.php\/wp-json\/wp\/v2\/media?parent=5272"}],"curies":[{"name":"wp","href":"https:\/\/api.w.org\/{rel}","templated":true}]}}