{"id":5227,"date":"2025-12-15T09:01:32","date_gmt":"2025-12-15T12:01:32","guid":{"rendered":"https:\/\/pgcirurgia.incor.usp.br\/?page_id=5227"},"modified":"2026-02-27T13:40:48","modified_gmt":"2026-02-27T16:40:48","slug":"aluno-especial-2","status":"publish","type":"page","link":"https:\/\/pgcirurgia.incor.usp.br\/index.php\/aluno-especial-2\/","title":{"rendered":"Aluno Especial"},"content":{"rendered":"\t\t<div data-elementor-type=\"wp-page\" data-elementor-id=\"5227\" class=\"elementor elementor-5227\" data-elementor-settings=\"{&quot;element_pack_global_tooltip_width&quot;:{&quot;unit&quot;:&quot;px&quot;,&quot;size&quot;:&quot;&quot;,&quot;sizes&quot;:[]},&quot;element_pack_global_tooltip_width_tablet&quot;:{&quot;unit&quot;:&quot;px&quot;,&quot;size&quot;:&quot;&quot;,&quot;sizes&quot;:[]},&quot;element_pack_global_tooltip_width_mobile&quot;:{&quot;unit&quot;:&quot;px&quot;,&quot;size&quot;:&quot;&quot;,&quot;sizes&quot;:[]},&quot;element_pack_global_tooltip_padding&quot;:{&quot;unit&quot;:&quot;px&quot;,&quot;top&quot;:&quot;&quot;,&quot;right&quot;:&quot;&quot;,&quot;bottom&quot;:&quot;&quot;,&quot;left&quot;:&quot;&quot;,&quot;isLinked&quot;:true},&quot;element_pack_global_tooltip_padding_tablet&quot;:{&quot;unit&quot;:&quot;px&quot;,&quot;top&quot;:&quot;&quot;,&quot;right&quot;:&quot;&quot;,&quot;bottom&quot;:&quot;&quot;,&quot;left&quot;:&quot;&quot;,&quot;isLinked&quot;:true},&quot;element_pack_global_tooltip_padding_mobile&quot;:{&quot;unit&quot;:&quot;px&quot;,&quot;top&quot;:&quot;&quot;,&quot;right&quot;:&quot;&quot;,&quot;bottom&quot;:&quot;&quot;,&quot;left&quot;:&quot;&quot;,&quot;isLinked&quot;:true},&quot;element_pack_global_tooltip_border_radius&quot;:{&quot;unit&quot;:&quot;px&quot;,&quot;top&quot;:&quot;&quot;,&quot;right&quot;:&quot;&quot;,&quot;bottom&quot;:&quot;&quot;,&quot;left&quot;:&quot;&quot;,&quot;isLinked&quot;:true},&quot;element_pack_global_tooltip_border_radius_tablet&quot;:{&quot;unit&quot;:&quot;px&quot;,&quot;top&quot;:&quot;&quot;,&quot;right&quot;:&quot;&quot;,&quot;bottom&quot;:&quot;&quot;,&quot;left&quot;:&quot;&quot;,&quot;isLinked&quot;:true},&quot;element_pack_global_tooltip_border_radius_mobile&quot;:{&quot;unit&quot;:&quot;px&quot;,&quot;top&quot;:&quot;&quot;,&quot;right&quot;:&quot;&quot;,&quot;bottom&quot;:&quot;&quot;,&quot;left&quot;:&quot;&quot;,&quot;isLinked&quot;:true}}\">\n\t\t\t\t<div class=\"elementor-element elementor-element-990b57f e-flex e-con-boxed e-con e-parent\" data-id=\"990b57f\" data-element_type=\"container\">\n\t\t\t\t\t<div class=\"e-con-inner\">\n\t\t\t\t<div class=\"elementor-element elementor-element-4c45435 elementor-widget elementor-widget-text-editor\" data-id=\"4c45435\" data-element_type=\"widget\" data-widget_type=\"text-editor.default\">\n\t\t\t\t<div class=\"elementor-widget-container\">\n\t\t\t\t\t\t\t\t\t<p><strong>ALUNO ESPECIAL<\/strong>\u00a0\u2013\u00a0<a href=\"https:\/\/www.fm.usp.br\/posgrad\/conteudo\/posgrad_253_resolucao_57-58.pdf\">verificar Art. 54 e 55 do Regimento de P\u00f3s-gradua\u00e7\u00e3o da USP<\/a><\/p><p>As matr\u00edculas como Aluno Especial devem ser realizadas atrav\u00e9s do link:\u00a0<a href=\"https:\/\/digital.fm.usp.br\/alunoespecial\">https:\/\/digital.fm.usp.br\/alunoespecial<\/a><\/p><p>O pedido de matr\u00edcula poder\u00e1 ser deferido ou indeferido pelo professor respons\u00e1vel.<\/p><p>N\u00e3o h\u00e1 per\u00edodo determinado para solicita\u00e7\u00e3o de matr\u00edcula em disciplina na FMUSP como aluno especial. Estas podem ser solicitadas em\u00a0<strong>at\u00e9 10 dias \u00fateis antes do in\u00edcio da disciplina<\/strong>\u00a0de interesse.<\/p><p>A\u00a0<strong>taxa de matr\u00edcula \u00e9 de R$268,94 por disciplina<\/strong>(sujeito a altera\u00e7\u00f5es), a ser paga atrav\u00e9s de boleto banc\u00e1rio ap\u00f3s a confer\u00eancia da documenta\u00e7\u00e3o pelo Servi\u00e7o de P\u00f3s-Gradua\u00e7\u00e3o da FMUSP e autoriza\u00e7\u00e3o do professor respons\u00e1vel.<\/p><hr \/><h3><strong>ATEN\u00c7\u00c3O<\/strong><\/h3><p>1.\u00a0 Ap\u00f3s a aprova\u00e7\u00e3o em uma disciplina n\u00e3o \u00e9 permitido nova matr\u00edcula na mesma disciplina.<\/p><p>2.\u00a0 Somente solicite matr\u00edcula de aluno regular ap\u00f3s concluir a disciplina (conceitos e frequ\u00eancias dispon\u00edveis), no caso de matr\u00edcula concomitante n\u00e3o ser\u00e1 poss\u00edvel aproveitar os cr\u00e9ditos no curso.<\/p><p>3.\u00a0 N\u00e3o haver\u00e1 devolu\u00e7\u00e3o do valor pago se o aluno solicitar cancelamento de matr\u00edcula.<\/p><hr \/><p>Confira o Catalogo de Disciplinas\u00a0<a href=\"https:\/\/uspdigital.usp.br\/janus\/componente\/disciplinasOferecidasInicial.jsf\">Janus<\/a><\/p><p>Confira as disciplinas da\u00a0<a href=\"https:\/\/pgcirurgia.incor.usp.br\/index.php\/disciplinas\/\">Cirurgia Tor\u00e1cica e Cardiovascular<\/a><\/p>\t\t\t\t\t\t\t\t<\/div>\n\t\t\t\t<\/div>\n\t\t\t\t\t<\/div>\n\t\t\t\t<\/div>\n\t\t\t\t<\/div>\n\t\t","protected":false},"excerpt":{"rendered":"<p>ALUNO ESPECIAL\u00a0\u2013\u00a0verificar Art. 54 e 55 do Regimento de P\u00f3s-gradua\u00e7\u00e3o da USP As matr\u00edculas como Aluno Especial devem ser realizadas atrav\u00e9s do [&hellip;]<\/p>\n","protected":false},"author":4,"featured_media":0,"parent":0,"menu_order":0,"comment_status":"closed","ping_status":"closed","template":"","meta":{"footnotes":""},"class_list":["post-5227","page","type-page","status-publish","hentry"],"lang":"pt","translations":{"pt":5227,"en":5234,"es":5241},"pll_sync_post":[],"_links":{"self":[{"href":"https:\/\/pgcirurgia.incor.usp.br\/index.php\/wp-json\/wp\/v2\/pages\/5227","targetHints":{"allow":["GET"]}}],"collection":[{"href":"https:\/\/pgcirurgia.incor.usp.br\/index.php\/wp-json\/wp\/v2\/pages"}],"about":[{"href":"https:\/\/pgcirurgia.incor.usp.br\/index.php\/wp-json\/wp\/v2\/types\/page"}],"author":[{"embeddable":true,"href":"https:\/\/pgcirurgia.incor.usp.br\/index.php\/wp-json\/wp\/v2\/users\/4"}],"replies":[{"embeddable":true,"href":"https:\/\/pgcirurgia.incor.usp.br\/index.php\/wp-json\/wp\/v2\/comments?post=5227"}],"version-history":[{"count":7,"href":"https:\/\/pgcirurgia.incor.usp.br\/index.php\/wp-json\/wp\/v2\/pages\/5227\/revisions"}],"predecessor-version":[{"id":5576,"href":"https:\/\/pgcirurgia.incor.usp.br\/index.php\/wp-json\/wp\/v2\/pages\/5227\/revisions\/5576"}],"wp:attachment":[{"href":"https:\/\/pgcirurgia.incor.usp.br\/index.php\/wp-json\/wp\/v2\/media?parent=5227"}],"curies":[{"name":"wp","href":"https:\/\/api.w.org\/{rel}","templated":true}]}}