{"id":3716,"date":"2025-07-23T13:57:46","date_gmt":"2025-07-23T16:57:46","guid":{"rendered":"https:\/\/pgcirurgia.incor.usp.br\/?page_id=3716"},"modified":"2026-04-02T14:59:49","modified_gmt":"2026-04-02T17:59:49","slug":"editais","status":"publish","type":"page","link":"https:\/\/pgcirurgia.incor.usp.br\/index.php\/editais\/","title":{"rendered":"Editais"},"content":{"rendered":"\t\t<div data-elementor-type=\"wp-page\" data-elementor-id=\"3716\" class=\"elementor elementor-3716\" data-elementor-settings=\"{&quot;element_pack_global_tooltip_width&quot;:{&quot;unit&quot;:&quot;px&quot;,&quot;size&quot;:&quot;&quot;,&quot;sizes&quot;:[]},&quot;element_pack_global_tooltip_width_tablet&quot;:{&quot;unit&quot;:&quot;px&quot;,&quot;size&quot;:&quot;&quot;,&quot;sizes&quot;:[]},&quot;element_pack_global_tooltip_width_mobile&quot;:{&quot;unit&quot;:&quot;px&quot;,&quot;size&quot;:&quot;&quot;,&quot;sizes&quot;:[]},&quot;element_pack_global_tooltip_padding&quot;:{&quot;unit&quot;:&quot;px&quot;,&quot;top&quot;:&quot;&quot;,&quot;right&quot;:&quot;&quot;,&quot;bottom&quot;:&quot;&quot;,&quot;left&quot;:&quot;&quot;,&quot;isLinked&quot;:true},&quot;element_pack_global_tooltip_padding_tablet&quot;:{&quot;unit&quot;:&quot;px&quot;,&quot;top&quot;:&quot;&quot;,&quot;right&quot;:&quot;&quot;,&quot;bottom&quot;:&quot;&quot;,&quot;left&quot;:&quot;&quot;,&quot;isLinked&quot;:true},&quot;element_pack_global_tooltip_padding_mobile&quot;:{&quot;unit&quot;:&quot;px&quot;,&quot;top&quot;:&quot;&quot;,&quot;right&quot;:&quot;&quot;,&quot;bottom&quot;:&quot;&quot;,&quot;left&quot;:&quot;&quot;,&quot;isLinked&quot;:true},&quot;element_pack_global_tooltip_border_radius&quot;:{&quot;unit&quot;:&quot;px&quot;,&quot;top&quot;:&quot;&quot;,&quot;right&quot;:&quot;&quot;,&quot;bottom&quot;:&quot;&quot;,&quot;left&quot;:&quot;&quot;,&quot;isLinked&quot;:true},&quot;element_pack_global_tooltip_border_radius_tablet&quot;:{&quot;unit&quot;:&quot;px&quot;,&quot;top&quot;:&quot;&quot;,&quot;right&quot;:&quot;&quot;,&quot;bottom&quot;:&quot;&quot;,&quot;left&quot;:&quot;&quot;,&quot;isLinked&quot;:true},&quot;element_pack_global_tooltip_border_radius_mobile&quot;:{&quot;unit&quot;:&quot;px&quot;,&quot;top&quot;:&quot;&quot;,&quot;right&quot;:&quot;&quot;,&quot;bottom&quot;:&quot;&quot;,&quot;left&quot;:&quot;&quot;,&quot;isLinked&quot;:true}}\">\n\t\t\t\t<div class=\"elementor-element elementor-element-dfcfb04 e-flex e-con-boxed e-con e-parent\" data-id=\"dfcfb04\" data-element_type=\"container\" data-e-type=\"container\">\n\t\t\t\t\t<div class=\"e-con-inner\">\n\t\t\t\t<div class=\"elementor-element elementor-element-24e78b1 elementor-widget elementor-widget-text-editor\" data-id=\"24e78b1\" data-element_type=\"widget\" data-e-type=\"widget\" data-widget_type=\"text-editor.default\">\n\t\t\t\t<div class=\"elementor-widget-container\">\n\t\t\t\t\t\t\t\t\t<h4><strong>2026<\/strong><\/h4><ul><li><a href=\"https:\/\/pgcirurgia.incor.usp.br\/wp-content\/uploads\/2026\/04\/EDITAL-PARA-INSCRICAO-DE-CANDIDATOS-NO-RESIDPG-.-02042026.pdf\">Edital \u2013 Programa de Resid\u00eancia em Sa\u00fade Integrada \u00e0 P\u00f3s-Gradua\u00e7\u00e3o da Faculdade de Medicina da Universidade de S\u00e3o Paulo (ResidPG-FMUSP)<\/a><\/li><li><a href=\"https:\/\/pgcirurgia.incor.usp.br\/wp-content\/uploads\/2026\/04\/Edital-CAPES-04-2026-Brasil-China.pdf\">Edital CAPES 04-2026 &#8211; Brasil China<\/a> <a href=\"https:\/\/pgcirurgia.incor.usp.br\/wp-content\/uploads\/2026\/04\/Edital-PRPG-1-2026-Brasil-China.pdf\">Edital PRPG N\u00ba 1\/2026 \u2013 PROGRAMA BRASIL-CHINA DE L\u00cdDERES EM INOVA\u00c7\u00c3O CIENT\u00cdFICA E TECNOL\u00d3GICA (A)<\/a><\/li><li><a href=\"https:\/\/pgcirurgia.incor.usp.br\/wp-content\/uploads\/2026\/04\/Edital-CAPES-04-2026-Brasil-China.pdf\">Edital PRPG N\u00ba 1\/2026 \u2013 PROGRAMA BRASIL-CHINA DE L\u00cdDERES EM INOVA\u00c7\u00c3O CIENT\u00cdFICA E TECNOL\u00d3GICA (B)<\/a><\/li><li><a href=\"https:\/\/pgcirurgia.incor.usp.br\/wp-content\/uploads\/2026\/03\/EDITAL-PREMIO-MAES-PESQUISADORAS_2026_2.pdf\">Pr\u00eamio USP M\u00e3es Pesquisadoras \u2013 Edi\u00e7\u00e3o 2026<\/a><\/li><li><a href=\"https:\/\/pgcirurgia.incor.usp.br\/wp-content\/uploads\/2026\/03\/SEI_CNPq-2625129-Edital_0.pdf\">Edital Pr\u00eamio Jovem Cientista 32\u00aa edi\u00e7\u00e3o (CNPq)<\/a><\/li><li><a href=\"https:\/\/pgcirurgia.incor.usp.br\/wp-content\/uploads\/2026\/01\/Edital_de_inscricao_2026_Cir_Tor_Cardiovascular.pdf\">Edital de Inscri\u00e7\u00e3o e Matr\u00edcula no Programa de Cirurgia Tor\u00e1cica e Cardiovascular 2026<\/a><\/li><\/ul><h4><strong>2025<\/strong><\/h4><ul><li><a href=\"https:\/\/pgcirurgia.incor.usp.br\/wp-content\/uploads\/2025\/09\/Edital-PRPG-12-2025_ass-Mobilidade-Santander-Discentes.pdf\">Edital PRPG 12-2025_ass \u2013 Mobilidade Santander Discentes<\/a>\u00a0<\/li><li><a href=\"https:\/\/pgcirurgia.incor.usp.br\/wp-content\/uploads\/2025\/09\/1_Edital-PRPG-No-13.pdf\">Edital PRPG N\u00ba 13<\/a>\/ <a href=\"https:\/\/pgcirurgia.incor.usp.br\/wp-content\/uploads\/2025\/09\/1_Edital_21082025_Edital_2662823_SEI_2661209_Edital_n__17_2025.pdf\">CAPES N\u00ba 17\/2025<\/a>\u00a0\u2013 Programa de Doutorado Sandu\u00edche no Exterior (PDSE) da Capes \/ <a href=\"https:\/\/pgcirurgia.incor.usp.br\/wp-content\/uploads\/2025\/09\/RESULTADO-FINAL_25.pdf\">RESULTADO FINAL<\/a><\/li><li><a href=\"https:\/\/pgcirurgia.incor.usp.br\/wp-content\/uploads\/2025\/09\/Aucani-Idiomas_Language-Education-at-USP_2o-sem_2025.pdf\">Edital 2141<\/a> \u2013 Language Education at USP \u2013 Ingl\u00eas \u2013 Academic Communication in Reading &amp; Writing and Listening &amp; Speaking \u2013 P\u00f3s-Gradua\u00e7\u00e3o (2\u00ba sem.\/2025)<\/li><li><a href=\"https:\/\/pgcirurgia.incor.usp.br\/wp-content\/uploads\/2025\/09\/Edital-No-9_2025_CAPES_COFECUB_09042025_Edital_2578055_SEI_2577896_Edital_n__9_2025.pdf\">Edital PRPG 09\/2025<\/a><\/li><li><a href=\"https:\/\/pgcirurgia.incor.usp.br\/wp-content\/uploads\/2025\/09\/Edital-PRPG-5-2025-UNIVESP-Discentes.pdf\">Edital PRPG N\u00ba 05\/2025 Sele\u00e7\u00e3o de Alunos de P\u00f3s-Gradua\u00e7\u00e3o para o Programa \u201cForma\u00e7\u00e3o Did\u00e1tico Pedag\u00f3gica para Cursos de Modalidade a Dist\u00e2ncia\u201d \u2013 UNIVESP\/USP\u00a0<\/a><\/li><\/ul>\t\t\t\t\t\t\t\t<\/div>\n\t\t\t\t<\/div>\n\t\t\t\t\t<\/div>\n\t\t\t\t<\/div>\n\t\t\t\t<\/div>\n\t\t","protected":false},"excerpt":{"rendered":"<p>2026 Edital \u2013 Programa de Resid\u00eancia em Sa\u00fade Integrada \u00e0 P\u00f3s-Gradua\u00e7\u00e3o da Faculdade de Medicina da Universidade de S\u00e3o Paulo (ResidPG-FMUSP) Edital [&hellip;]<\/p>\n","protected":false},"author":1,"featured_media":0,"parent":0,"menu_order":0,"comment_status":"closed","ping_status":"closed","template":"","meta":{"footnotes":""},"class_list":["post-3716","page","type-page","status-publish","hentry"],"lang":"pt","translations":{"pt":3716,"en":4603,"es":5291},"pll_sync_post":[],"_links":{"self":[{"href":"https:\/\/pgcirurgia.incor.usp.br\/index.php\/wp-json\/wp\/v2\/pages\/3716","targetHints":{"allow":["GET"]}}],"collection":[{"href":"https:\/\/pgcirurgia.incor.usp.br\/index.php\/wp-json\/wp\/v2\/pages"}],"about":[{"href":"https:\/\/pgcirurgia.incor.usp.br\/index.php\/wp-json\/wp\/v2\/types\/page"}],"author":[{"embeddable":true,"href":"https:\/\/pgcirurgia.incor.usp.br\/index.php\/wp-json\/wp\/v2\/users\/1"}],"replies":[{"embeddable":true,"href":"https:\/\/pgcirurgia.incor.usp.br\/index.php\/wp-json\/wp\/v2\/comments?post=3716"}],"version-history":[{"count":36,"href":"https:\/\/pgcirurgia.incor.usp.br\/index.php\/wp-json\/wp\/v2\/pages\/3716\/revisions"}],"predecessor-version":[{"id":5776,"href":"https:\/\/pgcirurgia.incor.usp.br\/index.php\/wp-json\/wp\/v2\/pages\/3716\/revisions\/5776"}],"wp:attachment":[{"href":"https:\/\/pgcirurgia.incor.usp.br\/index.php\/wp-json\/wp\/v2\/media?parent=3716"}],"curies":[{"name":"wp","href":"https:\/\/api.w.org\/{rel}","templated":true}]}}