{"id":3260,"date":"2025-06-11T17:19:51","date_gmt":"2025-06-11T20:19:51","guid":{"rendered":"https:\/\/pgcirurgia.incor.usp.br\/?page_id=3260"},"modified":"2026-02-05T10:43:35","modified_gmt":"2026-02-05T13:43:35","slug":"egressos-teses-2005","status":"publish","type":"page","link":"https:\/\/pgcirurgia.incor.usp.br\/index.php\/egressos-teses-2005\/","title":{"rendered":"Egressos \/ Teses &#8211; 2005"},"content":{"rendered":"\t\t<div data-elementor-type=\"wp-page\" data-elementor-id=\"3260\" class=\"elementor elementor-3260\" data-elementor-settings=\"{&quot;element_pack_global_tooltip_width&quot;:{&quot;unit&quot;:&quot;px&quot;,&quot;size&quot;:&quot;&quot;,&quot;sizes&quot;:[]},&quot;element_pack_global_tooltip_width_tablet&quot;:{&quot;unit&quot;:&quot;px&quot;,&quot;size&quot;:&quot;&quot;,&quot;sizes&quot;:[]},&quot;element_pack_global_tooltip_width_mobile&quot;:{&quot;unit&quot;:&quot;px&quot;,&quot;size&quot;:&quot;&quot;,&quot;sizes&quot;:[]},&quot;element_pack_global_tooltip_padding&quot;:{&quot;unit&quot;:&quot;px&quot;,&quot;top&quot;:&quot;&quot;,&quot;right&quot;:&quot;&quot;,&quot;bottom&quot;:&quot;&quot;,&quot;left&quot;:&quot;&quot;,&quot;isLinked&quot;:true},&quot;element_pack_global_tooltip_padding_tablet&quot;:{&quot;unit&quot;:&quot;px&quot;,&quot;top&quot;:&quot;&quot;,&quot;right&quot;:&quot;&quot;,&quot;bottom&quot;:&quot;&quot;,&quot;left&quot;:&quot;&quot;,&quot;isLinked&quot;:true},&quot;element_pack_global_tooltip_padding_mobile&quot;:{&quot;unit&quot;:&quot;px&quot;,&quot;top&quot;:&quot;&quot;,&quot;right&quot;:&quot;&quot;,&quot;bottom&quot;:&quot;&quot;,&quot;left&quot;:&quot;&quot;,&quot;isLinked&quot;:true},&quot;element_pack_global_tooltip_border_radius&quot;:{&quot;unit&quot;:&quot;px&quot;,&quot;top&quot;:&quot;&quot;,&quot;right&quot;:&quot;&quot;,&quot;bottom&quot;:&quot;&quot;,&quot;left&quot;:&quot;&quot;,&quot;isLinked&quot;:true},&quot;element_pack_global_tooltip_border_radius_tablet&quot;:{&quot;unit&quot;:&quot;px&quot;,&quot;top&quot;:&quot;&quot;,&quot;right&quot;:&quot;&quot;,&quot;bottom&quot;:&quot;&quot;,&quot;left&quot;:&quot;&quot;,&quot;isLinked&quot;:true},&quot;element_pack_global_tooltip_border_radius_mobile&quot;:{&quot;unit&quot;:&quot;px&quot;,&quot;top&quot;:&quot;&quot;,&quot;right&quot;:&quot;&quot;,&quot;bottom&quot;:&quot;&quot;,&quot;left&quot;:&quot;&quot;,&quot;isLinked&quot;:true}}\">\n\t\t\t\t<div class=\"elementor-element elementor-element-1907b22 e-flex e-con-boxed e-con e-parent\" data-id=\"1907b22\" data-element_type=\"container\">\n\t\t\t\t\t<div class=\"e-con-inner\">\n\t\t\t\t<div class=\"elementor-element elementor-element-d8a9010 elementor-widget elementor-widget-heading\" data-id=\"d8a9010\" data-element_type=\"widget\" data-widget_type=\"heading.default\">\n\t\t\t\t<div class=\"elementor-widget-container\">\n\t\t\t\t\t<h3 class=\"elementor-heading-title elementor-size-default\">Selecione o ano de defesa da tese:<\/h3>\t\t\t\t<\/div>\n\t\t\t\t<\/div>\n\t\t\t\t<div class=\"elementor-element elementor-element-161b1f2 elementor-widget elementor-widget-text-editor\" data-id=\"161b1f2\" data-element_type=\"widget\" data-widget_type=\"text-editor.default\">\n\t\t\t\t<div class=\"elementor-widget-container\">\n\t\t\t\t\t\t\t\t\t<p><a href=\"https:\/\/pgcirurgia.incor.usp.br\/index.php\/egressos-teses-2026\/\">2026<\/a> |<a href=\"https:\/\/pgcirurgia.incor.usp.br\/index.php\/egressos-teses-2025\/\">2025<\/a>\u00a0|<a href=\"https:\/\/pgcirurgia.incor.usp.br\/index.php\/egressos-teses-2024\/\">2024<\/a>\u00a0|\u00a0<a href=\"https:\/\/pgcirurgia.incor.usp.br\/index.php\/egressos-teses-2023\/\">2023<\/a>\u00a0|\u00a0<a href=\"https:\/\/pgcirurgia.incor.usp.br\/index.php\/egressos-teses-2022\/\">2022<\/a>\u00a0|\u00a0<a href=\"https:\/\/pgcirurgia.incor.usp.br\/index.php\/egressos-teses-2021\/\">2021<\/a>\u00a0|\u00a0<a href=\"https:\/\/pgcirurgia.incor.usp.br\/index.php\/egressos-teses-2020\/\">2020<\/a>\u00a0|\u00a0<a href=\"https:\/\/pgcirurgia.incor.usp.br\/index.php\/egressos-teses-2019\/\">2019<\/a>\u00a0|\u00a0<a href=\"https:\/\/pgcirurgia.incor.usp.br\/index.php\/egressos-teses-2018\/\">2018<\/a>\u00a0|\u00a0<a href=\"https:\/\/pgcirurgia.incor.usp.br\/index.php\/egressos-teses-2017\/\">2017<\/a>\u00a0|\u00a0<a href=\"https:\/\/pgcirurgia.incor.usp.br\/index.php\/egressos-teses-2016\/\">2016<\/a>\u00a0|\u00a0<a href=\"https:\/\/pgcirurgia.incor.usp.br\/index.php\/egressos-teses-2015\/\">2015<\/a>\u00a0|\u00a0<a href=\"https:\/\/pgcirurgia.incor.usp.br\/index.php\/egressos-teses-2014\/\">2014<\/a>\u00a0|\u00a0<a href=\"https:\/\/pgcirurgia.incor.usp.br\/index.php\/egressos-teses-2013\/\">2013<\/a>\u00a0|\u00a0<a href=\"https:\/\/pgcirurgia.incor.usp.br\/index.php\/egressos-teses-2012\/\">2012<\/a>\u00a0|\u00a0<a href=\"https:\/\/pgcirurgia.incor.usp.br\/index.php\/egressos-teses-2011\/\">2011<\/a>\u00a0|\u00a0<a href=\"https:\/\/pgcirurgia.incor.usp.br\/index.php\/egressos-teses-2010\/\">2010<\/a>\u00a0|\u00a0<a href=\"https:\/\/pgcirurgia.incor.usp.br\/index.php\/egressos-teses-2009\/\">2009<\/a>\u00a0|\u00a0<a href=\"https:\/\/pgcirurgia.incor.usp.br\/index.php\/egressos-teses-2008\/\">2008<\/a>\u00a0|\u00a0<a href=\"https:\/\/pgcirurgia.incor.usp.br\/index.php\/egressos-teses-2007\/\">2007<\/a>\u00a0|\u00a0<a href=\"https:\/\/pgcirurgia.incor.usp.br\/index.php\/egressos-teses-2006\/\">2006<\/a>\u00a0|\u00a0<a href=\"https:\/\/pgcirurgia.incor.usp.br\/index.php\/egressos-teses-2005\/\">2005<\/a>\u00a0|\u00a0<a href=\"https:\/\/pgcirurgia.incor.usp.br\/index.php\/egressos-teses-2004\/\">2004<\/a><\/p>\t\t\t\t\t\t\t\t<\/div>\n\t\t\t\t<\/div>\n\t\t\t\t<div class=\"elementor-element elementor-element-1809509 elementor-widget elementor-widget-text-editor\" data-id=\"1809509\" data-element_type=\"widget\" data-widget_type=\"text-editor.default\">\n\t\t\t\t<div class=\"elementor-widget-container\">\n\t\t\t\t\t\t\t\t\t<p>30\/11\/2005 Josu\u00e9 Viana de Castro Neto (Orient: S\u00e9rgio Almeida de Oliveira)<br \/>Tema: Estudo comparativo entre os enxertos arteriais compostos e os enxertos arteriais isolados na revasculariza\u00e7\u00e3o do mioc\u00e1rdio: an\u00e1lise do fluxo sang\u00fc\u00edneo e da reserva de fluxo coronariano com Doppler intravascular\u00a0<a title=\"tese_josuecastroneto\" href=\"https:\/\/pgcirurgia.incor.usp.br\/wp-content\/uploads\/2025\/06\/Josue_Castro_Neto.pdf\" target=\"_blank\" rel=\"noopener noreferrer\">Tese<\/a>\u00a0\/\u00a0<a href=\"http:\/\/www.rbccv.org.br\/pdfRBCCV\/v19n4a07.pdf\" target=\"_blank\" rel=\"noopener noreferrer\">Artigo<\/a><\/p><p>21\/06\/2005 Carlos Alberto Cordeiro de Abreu Filho (Orient: Luiz A. O. Dallan)<br \/>Tema: Avalia\u00e7\u00e3o dos resultados a m\u00e9dio prazo da abla\u00e7\u00e3o cir\u00fargica por radiofreq\u00fc\u00eancia da fibrila\u00e7\u00e3o atrial permanente em pacientes portadores de valvopatia mitral reum\u00e1tica\u00a0<a title=\"tese_carlosabreu\" href=\"https:\/\/pgcirurgia.incor.usp.br\/wp-content\/uploads\/2025\/06\/Carlos_Abreu.pdf\" target=\"_blank\" rel=\"noopener noreferrer\">Tese<\/a>\u00a0\/\u00a0<a href=\"http:\/\/www.rbccv.org.br\/pdfRBCCV\/v19n3a08.pdf\" target=\"_blank\" rel=\"noopener noreferrer\">Artigo<\/a>\u00a0\/\u00a0<a href=\"http:\/\/www.ncbi.nlm.nih.gov\/entrez\/query.fcgi?db=pubmed&amp;cmd=Retrieve&amp;dopt=AbstractPlus&amp;list_uids=16159816&amp;query_hl=8&amp;itool=pubmed_docsum\" target=\"_blank\" rel=\"noopener noreferrer\">Artigo<\/a><\/p><p>20\/06\/2005 Eduardo Baldassari Rebeis (Orient: Jos\u00e9 Ribas M. de Campos)<br \/>Tema: \u00cdndice antropom\u00e9trico para pectus excavatum como m\u00e9todo diagn\u00f3stico e de avalia\u00e7\u00e3o pr\u00e9 e p\u00f3s-operat\u00f3ria: an\u00e1lise comparativa com o \u00edndice de Haller e o \u00edndice vertebral inferior\u00a0<a title=\"tese_eduardo_baldassari_rebeis\" href=\"https:\/\/pgcirurgia.incor.usp.br\/wp-content\/uploads\/2025\/06\/Eduardo_Baldassari_Rebeis.pdf\" target=\"_blank\" rel=\"noopener noreferrer\">Tese<\/a>\u00a0\/\u00a0<a href=\"http:\/\/www.scielo.br\/pdf\/clin\/v62n5\/10.pdf\" target=\"_blank\" rel=\"noopener noreferrer\">Artigo<\/a><\/p><p>18\/05\/2005 Luiz Antonio Castilho Teno (Orient: Roberto Costa)<br \/>Tema: An\u00e1lise comparativa da estimula\u00e7\u00e3o card\u00edaca ventricular com a atrioventricular na troca eletiva do gerador de pulsos em pacientes com cardiopatia chag\u00e1sica e bloqueio atrioventricular\u00a0<a title=\"tese_luiz_a_castilho_teno\" href=\"https:\/\/pgcirurgia.incor.usp.br\/wp-content\/uploads\/2025\/06\/Luiz_A_Castilho_Teno.pdf\" target=\"_blank\" rel=\"noopener noreferrer\">Tese<\/a>\u00a0\/\u00a0<a href=\"http:\/\/www.rbccv.org.br\/pdfRBCCV\/v20n1a08.pdf\" target=\"_blank\" rel=\"noopener noreferrer\">Artigo<\/a>\u00a0\/\u00a0<a href=\"http:\/\/www.scielo.br\/pdf\/abc\/v88n2\/en_a01v88n2.pdf\" target=\"_blank\" rel=\"noopener noreferrer\">Artigo<\/a><\/p><p>31\/03\/2005 Marcelo Manzano Said (Orient: Paulo M. P\u00eago Fernandes)<br \/>Tema: Efeitos da azatioprina e da transec\u00e7\u00e3o br\u00f4nquica no aparelho mucociliar: estudo experimental em ratos\u00a0<a title=\"tese_marcelo_manzano\" href=\"https:\/\/pgcirurgia.incor.usp.br\/wp-content\/uploads\/2025\/06\/Marcelo_Manzano.pdf\" target=\"_blank\" rel=\"noopener noreferrer\">Tese<\/a><\/p><p>25\/02\/2005 Alexandre Martins Xavier (Orient: Paulo M. P\u00eago Fernandes)<br \/>Tema: Influ\u00eancia da ciclosporina nas altera\u00e7\u00f5es do sistema mucociliar p\u00f3s-transplante pulmonar em ratos Tese \/\u00a0<a href=\"http:\/\/www.scielo.br\/pdf\/acb\/v22n6\/v22n6a09.pdf\" target=\"_blank\" rel=\"noopener noreferrer\">Artigo<\/a><\/p><p>15\/02\/2005 Jean Newton Lima Costa (Orient: Pablo M.A. Pomerantzeff)<br \/>Tema: Compara\u00e7\u00e3o entre o peric\u00e1rdio bovino decelularizado e o peric\u00e1rdio bovino convencional utilizado na confec\u00e7\u00e3o de biopr\u00f3teses valvares card\u00edacas\u00a0<a title=\"tese_jean_newton_lima_costa\" href=\"https:\/\/pgcirurgia.incor.usp.br\/wp-content\/uploads\/2025\/06\/Jean_Newton_Lima_Costa.pdf\" target=\"_blank\" rel=\"noopener noreferrer\">Tese<\/a>\u00a0\/\u00a0<a href=\"http:\/\/www.rbccv.org.br\/pdfRBCCV\/v20n1a07.pdf\" target=\"_blank\" rel=\"noopener noreferrer\">Artigo<\/a><\/p>\t\t\t\t\t\t\t\t<\/div>\n\t\t\t\t<\/div>\n\t\t\t\t\t<\/div>\n\t\t\t\t<\/div>\n\t\t\t\t<\/div>\n\t\t","protected":false},"excerpt":{"rendered":"<p>Selecione o ano de defesa da tese: 2026 |2025\u00a0|2024\u00a0|\u00a02023\u00a0|\u00a02022\u00a0|\u00a02021\u00a0|\u00a02020\u00a0|\u00a02019\u00a0|\u00a02018\u00a0|\u00a02017\u00a0|\u00a02016\u00a0|\u00a02015\u00a0|\u00a02014\u00a0|\u00a02013\u00a0|\u00a02012\u00a0|\u00a02011\u00a0|\u00a02010\u00a0|\u00a02009\u00a0|\u00a02008\u00a0|\u00a02007\u00a0|\u00a02006\u00a0|\u00a02005\u00a0|\u00a02004 30\/11\/2005 Josu\u00e9 Viana de Castro Neto (Orient: S\u00e9rgio Almeida de Oliveira)Tema: Estudo comparativo [&hellip;]<\/p>\n","protected":false},"author":1,"featured_media":0,"parent":0,"menu_order":0,"comment_status":"closed","ping_status":"closed","template":"","meta":{"footnotes":""},"class_list":["post-3260","page","type-page","status-publish","hentry"],"lang":"pt","translations":{"pt":3260},"pll_sync_post":[],"_links":{"self":[{"href":"https:\/\/pgcirurgia.incor.usp.br\/index.php\/wp-json\/wp\/v2\/pages\/3260","targetHints":{"allow":["GET"]}}],"collection":[{"href":"https:\/\/pgcirurgia.incor.usp.br\/index.php\/wp-json\/wp\/v2\/pages"}],"about":[{"href":"https:\/\/pgcirurgia.incor.usp.br\/index.php\/wp-json\/wp\/v2\/types\/page"}],"author":[{"embeddable":true,"href":"https:\/\/pgcirurgia.incor.usp.br\/index.php\/wp-json\/wp\/v2\/users\/1"}],"replies":[{"embeddable":true,"href":"https:\/\/pgcirurgia.incor.usp.br\/index.php\/wp-json\/wp\/v2\/comments?post=3260"}],"version-history":[{"count":10,"href":"https:\/\/pgcirurgia.incor.usp.br\/index.php\/wp-json\/wp\/v2\/pages\/3260\/revisions"}],"predecessor-version":[{"id":5539,"href":"https:\/\/pgcirurgia.incor.usp.br\/index.php\/wp-json\/wp\/v2\/pages\/3260\/revisions\/5539"}],"wp:attachment":[{"href":"https:\/\/pgcirurgia.incor.usp.br\/index.php\/wp-json\/wp\/v2\/media?parent=3260"}],"curies":[{"name":"wp","href":"https:\/\/api.w.org\/{rel}","templated":true}]}}