{"id":2994,"date":"2025-06-11T11:37:43","date_gmt":"2025-06-11T14:37:43","guid":{"rendered":"https:\/\/pgcirurgia.incor.usp.br\/?page_id=2994"},"modified":"2026-02-05T10:27:55","modified_gmt":"2026-02-05T13:27:55","slug":"egressos-teses-2018","status":"publish","type":"page","link":"https:\/\/pgcirurgia.incor.usp.br\/index.php\/egressos-teses-2018\/","title":{"rendered":"Egressos \/ Teses &#8211; 2018"},"content":{"rendered":"\t\t<div data-elementor-type=\"wp-page\" data-elementor-id=\"2994\" class=\"elementor elementor-2994\" data-elementor-settings=\"{&quot;element_pack_global_tooltip_width&quot;:{&quot;unit&quot;:&quot;px&quot;,&quot;size&quot;:&quot;&quot;,&quot;sizes&quot;:[]},&quot;element_pack_global_tooltip_width_tablet&quot;:{&quot;unit&quot;:&quot;px&quot;,&quot;size&quot;:&quot;&quot;,&quot;sizes&quot;:[]},&quot;element_pack_global_tooltip_width_mobile&quot;:{&quot;unit&quot;:&quot;px&quot;,&quot;size&quot;:&quot;&quot;,&quot;sizes&quot;:[]},&quot;element_pack_global_tooltip_padding&quot;:{&quot;unit&quot;:&quot;px&quot;,&quot;top&quot;:&quot;&quot;,&quot;right&quot;:&quot;&quot;,&quot;bottom&quot;:&quot;&quot;,&quot;left&quot;:&quot;&quot;,&quot;isLinked&quot;:true},&quot;element_pack_global_tooltip_padding_tablet&quot;:{&quot;unit&quot;:&quot;px&quot;,&quot;top&quot;:&quot;&quot;,&quot;right&quot;:&quot;&quot;,&quot;bottom&quot;:&quot;&quot;,&quot;left&quot;:&quot;&quot;,&quot;isLinked&quot;:true},&quot;element_pack_global_tooltip_padding_mobile&quot;:{&quot;unit&quot;:&quot;px&quot;,&quot;top&quot;:&quot;&quot;,&quot;right&quot;:&quot;&quot;,&quot;bottom&quot;:&quot;&quot;,&quot;left&quot;:&quot;&quot;,&quot;isLinked&quot;:true},&quot;element_pack_global_tooltip_border_radius&quot;:{&quot;unit&quot;:&quot;px&quot;,&quot;top&quot;:&quot;&quot;,&quot;right&quot;:&quot;&quot;,&quot;bottom&quot;:&quot;&quot;,&quot;left&quot;:&quot;&quot;,&quot;isLinked&quot;:true},&quot;element_pack_global_tooltip_border_radius_tablet&quot;:{&quot;unit&quot;:&quot;px&quot;,&quot;top&quot;:&quot;&quot;,&quot;right&quot;:&quot;&quot;,&quot;bottom&quot;:&quot;&quot;,&quot;left&quot;:&quot;&quot;,&quot;isLinked&quot;:true},&quot;element_pack_global_tooltip_border_radius_mobile&quot;:{&quot;unit&quot;:&quot;px&quot;,&quot;top&quot;:&quot;&quot;,&quot;right&quot;:&quot;&quot;,&quot;bottom&quot;:&quot;&quot;,&quot;left&quot;:&quot;&quot;,&quot;isLinked&quot;:true}}\">\n\t\t\t\t<div class=\"elementor-element elementor-element-1907b22 e-flex e-con-boxed e-con e-parent\" data-id=\"1907b22\" data-element_type=\"container\">\n\t\t\t\t\t<div class=\"e-con-inner\">\n\t\t\t\t<div class=\"elementor-element elementor-element-d8a9010 elementor-widget elementor-widget-heading\" data-id=\"d8a9010\" data-element_type=\"widget\" data-widget_type=\"heading.default\">\n\t\t\t\t<div class=\"elementor-widget-container\">\n\t\t\t\t\t<h3 class=\"elementor-heading-title elementor-size-default\">Selecione o ano de defesa da tese:<\/h3>\t\t\t\t<\/div>\n\t\t\t\t<\/div>\n\t\t\t\t<div class=\"elementor-element elementor-element-1bab03a elementor-widget elementor-widget-text-editor\" data-id=\"1bab03a\" data-element_type=\"widget\" data-widget_type=\"text-editor.default\">\n\t\t\t\t<div class=\"elementor-widget-container\">\n\t\t\t\t\t\t\t\t\t<p><a href=\"https:\/\/pgcirurgia.incor.usp.br\/index.php\/egressos-teses-2026\/\">2026<\/a> |<a href=\"https:\/\/pgcirurgia.incor.usp.br\/index.php\/egressos-teses-2025\/\">2025<\/a>\u00a0|<a href=\"https:\/\/pgcirurgia.incor.usp.br\/index.php\/egressos-teses-2024\/\">2024<\/a>\u00a0|\u00a0<a href=\"https:\/\/pgcirurgia.incor.usp.br\/index.php\/egressos-teses-2023\/\">2023<\/a>\u00a0|\u00a0<a href=\"https:\/\/pgcirurgia.incor.usp.br\/index.php\/egressos-teses-2022\/\">2022<\/a>\u00a0|\u00a0<a href=\"https:\/\/pgcirurgia.incor.usp.br\/index.php\/egressos-teses-2021\/\">2021<\/a>\u00a0|\u00a0<a href=\"https:\/\/pgcirurgia.incor.usp.br\/index.php\/egressos-teses-2020\/\">2020<\/a>\u00a0|\u00a0<a href=\"https:\/\/pgcirurgia.incor.usp.br\/index.php\/egressos-teses-2019\/\">2019<\/a>\u00a0|\u00a0<a href=\"https:\/\/pgcirurgia.incor.usp.br\/index.php\/egressos-teses-2018\/\">2018<\/a>\u00a0|\u00a0<a href=\"https:\/\/pgcirurgia.incor.usp.br\/index.php\/egressos-teses-2017\/\">2017<\/a>\u00a0|\u00a0<a href=\"https:\/\/pgcirurgia.incor.usp.br\/index.php\/egressos-teses-2016\/\">2016<\/a>\u00a0|\u00a0<a href=\"https:\/\/pgcirurgia.incor.usp.br\/index.php\/egressos-teses-2015\/\">2015<\/a>\u00a0|\u00a0<a href=\"https:\/\/pgcirurgia.incor.usp.br\/index.php\/egressos-teses-2014\/\">2014<\/a>\u00a0|\u00a0<a href=\"https:\/\/pgcirurgia.incor.usp.br\/index.php\/egressos-teses-2013\/\">2013<\/a>\u00a0|\u00a0<a href=\"https:\/\/pgcirurgia.incor.usp.br\/index.php\/egressos-teses-2012\/\">2012<\/a>\u00a0|\u00a0<a href=\"https:\/\/pgcirurgia.incor.usp.br\/index.php\/egressos-teses-2011\/\">2011<\/a>\u00a0|\u00a0<a href=\"https:\/\/pgcirurgia.incor.usp.br\/index.php\/egressos-teses-2010\/\">2010<\/a>\u00a0|\u00a0<a href=\"https:\/\/pgcirurgia.incor.usp.br\/index.php\/egressos-teses-2009\/\">2009<\/a>\u00a0|\u00a0<a href=\"https:\/\/pgcirurgia.incor.usp.br\/index.php\/egressos-teses-2008\/\">2008<\/a>\u00a0|\u00a0<a href=\"https:\/\/pgcirurgia.incor.usp.br\/index.php\/egressos-teses-2007\/\">2007<\/a>\u00a0|\u00a0<a href=\"https:\/\/pgcirurgia.incor.usp.br\/index.php\/egressos-teses-2006\/\">2006<\/a>\u00a0|\u00a0<a href=\"https:\/\/pgcirurgia.incor.usp.br\/index.php\/egressos-teses-2005\/\">2005<\/a>\u00a0|\u00a0<a href=\"https:\/\/pgcirurgia.incor.usp.br\/index.php\/egressos-teses-2004\/\">2004<\/a><\/p>\t\t\t\t\t\t\t\t<\/div>\n\t\t\t\t<\/div>\n\t\t\t\t<div class=\"elementor-element elementor-element-1809509 elementor-widget elementor-widget-text-editor\" data-id=\"1809509\" data-element_type=\"widget\" data-widget_type=\"text-editor.default\">\n\t\t\t\t<div class=\"elementor-widget-container\">\n\t\t\t\t\t\t\t\t\t<p><strong>Aluno: Rafael Diniz Abrantes<\/strong><br \/>Orientador: Prof. Dr. Fabio Biscegli Jatene<br \/>Data da Defesa: 05\/11\/2018<br \/>T\u00edtulo: \u201cComportamento da prote\u00edna C reativa ultrassens\u00edvel na revasculariza\u00e7\u00e3o do mioc\u00e1rdio com e sem circula\u00e7\u00e3o extracorp\u00f3rea\u201d\u00a0<a href=\"https:\/\/pgcirurgia.incor.usp.br\/wp-content\/uploads\/2025\/06\/AbrantesRD_VCorrigida.pdf\" target=\"_blank\" rel=\"noopener\">Tese<\/a><\/p><p><strong>Aluno: Elizabeth Sartori Crevelari<\/strong><br \/>Orientador: Roberto Costa<br \/>Data da Defesa: 31\/08\/2018T\u00edtulo: \u201cEstudo Cl\u00ednico Randomizado Para Avalia\u00e7\u00e3o Da Seguran\u00e7a E Dos Efeitos Da Estimula\u00e7\u00e3o Ventricular Esquerda Unifocal Em Pacientes Com Bradiarritmias\u201c\u00a0<a href=\"https:\/\/pgcirurgia.incor.usp.br\/wp-content\/uploads\/2025\/06\/elizabeth-sartori-crevelari.pdf\" target=\"_blank\" rel=\"noopener\">Tese<\/a><\/p><p><strong>Aluno: Gade Satuala Vasco Miguel<\/strong><br \/>Orientador: Noedir Antonio Groppo Stolf<br \/>Data da Defesa: 07\/05\/2018<br \/>T\u00edtulo: \u201cAn\u00e1lise da influ\u00eancia da interven\u00e7\u00e3o coron\u00e1ria percut\u00e2nea pr\u00e9via na mortalidade e sobrevida livre de eventos\u00a0at\u00e9 um ano de seguimento ap\u00f3s cirurgia de revasculariza\u00e7\u00e3o do mioc\u00e1rdio&#8221;\u00a0\u00a0<a href=\"https:\/\/pgcirurgia.incor.usp.br\/wp-content\/uploads\/2025\/06\/GADE-SATUALA-VASCO-MIGUEL-2.pdf\" target=\"_blank\" rel=\"noopener\">Tese<\/a><\/p><p><strong>Aluna: Paula Gobi Scudeller<\/strong><br \/>Orientador: Fabio Biscegli Jatene<br \/>Data da Defesa: 03\/05\/2018<br \/>T\u00edtulo: \u201cAvalia\u00e7\u00e3o do impacto de mudan\u00e7as t\u00e9cnicas introduzidas na opera\u00e7\u00e3o de tromboendarterectomia pulmonar ao\u00a0longo de 10 anos: um estudo retrospectivo no InCor &#8221;\u00a0\u00a0<a href=\"https:\/\/pgcirurgia.incor.usp.br\/wp-content\/uploads\/2025\/06\/PAULA-GOBI-SCUDELLER.pdf\" target=\"_blank\" rel=\"noopener\">Tese<\/a><\/p><p><strong>Aluno: Roberta Figueiredo Vieira<\/strong><br \/>Orientador: Paulina Sannomiya<br \/>Data da Defesa: 26\/03\/2018<br \/>T\u00edtulo: \u201cEstudo dos efeitos do 17\u03b2-estradiol sobre a microcircula\u00e7\u00e3o em modelo de morte encef\u00e1lica em ratos machos&#8221;\u00a0<a href=\"https:\/\/pgcirurgia.incor.usp.br\/wp-content\/uploads\/2025\/06\/ROBERTA-FIGUEIREDO-VIEIRA.pdf\" target=\"_blank\" rel=\"noopener\">Tese<\/a><\/p><p><strong>Aluno: Marco Antonio Pra\u00e7a de Oliveira<\/strong><br \/>Orientador: Luiz Augusto Ferreira Lisboa<br \/>Data da Defesa: 01\/03\/2018<br \/>T\u00edtulo: \u201cRevasculariza\u00e7\u00e3o Mioc\u00e1rdica H\u00edbrida versus Cir\u00fargica em Pacientes com Doen\u00e7a Ateroscler\u00f3tica Coron\u00e1ria Multiarterial: Estudo Prospectivo e Randomizado\u201d.\u00a0<a href=\"https:\/\/pgcirurgia.incor.usp.br\/wp-content\/uploads\/2025\/06\/MARCO-ANTONIO-PRAA-DE-OLIVEIRA.pdf\" target=\"_blank\" rel=\"noopener\">Tese<\/a><\/p><p><strong>Aluno: Cristiano de Jesus Correia<\/strong><br \/>Orientador: Luiz Felipe Pinho Moreira<br \/>Data da Defesa: 06\/02\/2018T\u00edtulo: \u201cEstudo dos efeitos da solu\u00e7\u00e3o salina hipert\u00f4nica sobre as altera\u00e7\u00f5es microcirculat\u00f3rias e desenvolvimento do processo inflamat\u00f3rio em modelo de morte encef\u00e1lica em ratos\u201d.\u00a0<a href=\"https:\/\/pgcirurgia.incor.usp.br\/wp-content\/uploads\/2025\/06\/CRISTIANO-DE-JESUS-CORREIA-1.pdf\" target=\"_blank\" rel=\"noopener\">Tese<\/a><\/p><p><strong>Aluno: Francine Maria de Almeida<\/strong><br \/>Orientador: Rogerio Pazetti<br \/>Data da Defesa: 19\/01\/2018<br \/>\u201cEfeitos da suplementa\u00e7\u00e3o com creatina na les\u00e3o de isquemia e reperfus\u00e3o ap\u00f3s transplante unilateral em ratos &#8221;\u00a0<a href=\"https:\/\/pgcirurgia.incor.usp.br\/wp-content\/uploads\/2025\/06\/FRANCINE-MARIA-DE-ALMEIDA.pdf\" target=\"_blank\" rel=\"noopener\">Tese<\/a><\/p>\t\t\t\t\t\t\t\t<\/div>\n\t\t\t\t<\/div>\n\t\t\t\t\t<\/div>\n\t\t\t\t<\/div>\n\t\t\t\t<\/div>\n\t\t","protected":false},"excerpt":{"rendered":"<p>Selecione o ano de defesa da tese: 2026 |2025\u00a0|2024\u00a0|\u00a02023\u00a0|\u00a02022\u00a0|\u00a02021\u00a0|\u00a02020\u00a0|\u00a02019\u00a0|\u00a02018\u00a0|\u00a02017\u00a0|\u00a02016\u00a0|\u00a02015\u00a0|\u00a02014\u00a0|\u00a02013\u00a0|\u00a02012\u00a0|\u00a02011\u00a0|\u00a02010\u00a0|\u00a02009\u00a0|\u00a02008\u00a0|\u00a02007\u00a0|\u00a02006\u00a0|\u00a02005\u00a0|\u00a02004 Aluno: Rafael Diniz AbrantesOrientador: Prof. Dr. Fabio Biscegli JateneData da Defesa: 05\/11\/2018T\u00edtulo: \u201cComportamento [&hellip;]<\/p>\n","protected":false},"author":1,"featured_media":0,"parent":0,"menu_order":0,"comment_status":"closed","ping_status":"closed","template":"","meta":{"footnotes":""},"class_list":["post-2994","page","type-page","status-publish","hentry"],"lang":"pt","translations":{"pt":2994},"pll_sync_post":[],"_links":{"self":[{"href":"https:\/\/pgcirurgia.incor.usp.br\/index.php\/wp-json\/wp\/v2\/pages\/2994","targetHints":{"allow":["GET"]}}],"collection":[{"href":"https:\/\/pgcirurgia.incor.usp.br\/index.php\/wp-json\/wp\/v2\/pages"}],"about":[{"href":"https:\/\/pgcirurgia.incor.usp.br\/index.php\/wp-json\/wp\/v2\/types\/page"}],"author":[{"embeddable":true,"href":"https:\/\/pgcirurgia.incor.usp.br\/index.php\/wp-json\/wp\/v2\/users\/1"}],"replies":[{"embeddable":true,"href":"https:\/\/pgcirurgia.incor.usp.br\/index.php\/wp-json\/wp\/v2\/comments?post=2994"}],"version-history":[{"count":19,"href":"https:\/\/pgcirurgia.incor.usp.br\/index.php\/wp-json\/wp\/v2\/pages\/2994\/revisions"}],"predecessor-version":[{"id":5497,"href":"https:\/\/pgcirurgia.incor.usp.br\/index.php\/wp-json\/wp\/v2\/pages\/2994\/revisions\/5497"}],"wp:attachment":[{"href":"https:\/\/pgcirurgia.incor.usp.br\/index.php\/wp-json\/wp\/v2\/media?parent=2994"}],"curies":[{"name":"wp","href":"https:\/\/api.w.org\/{rel}","templated":true}]}}